{"id":37,"date":"2017-04-29T10:09:45","date_gmt":"2017-04-29T08:09:45","guid":{"rendered":"http:\/\/rent.keglovits.at\/?page_id=37"},"modified":"2019-04-17T10:38:09","modified_gmt":"2019-04-17T08:38:09","slug":"kontakt-buchung","status":"publish","type":"page","link":"https:\/\/rent.auto-keglovits.at\/?page_id=37","title":{"rendered":"Terminanfragen &#038; Buchung Mietwagen"},"content":{"rendered":"<p><strong>Terminanfragen &amp; Buchungen sind bei unserer Abholstation m\u00f6glich:<br \/>\n<\/strong><\/p>\n<p>Keglovits GesmbH (Mazda Schauraum)<br \/>\nSchwechater Stra\u00dfe 59-71<br \/>\n2322 Zw\u00f6lfaxing<br \/>\nTel.: 01\/707 22 01<br \/>\nE-Mail: office@keglovits.at<\/p>\n<p>Lesen Sie bitte vor dem Buchen unsere <a href=\"http:\/\/rent.auto-keglovits.at\/?page_id=78\">Infos zur Miete<\/a><\/p>\n<div>\n<div><strong>Abholung &amp; R\u00fcckgabe der Fahrzeuge<\/strong><\/div>\n<div>...nur w\u00e4hrend der \u00d6ffnungszeiten m\u00f6glich<br \/>\n(Mo-Fr 7.15-18.00 Uhr, Sa 9.00-12.00)<\/div>\n<div><strong>Vergessen Sie bitte Ihren F\u00fchrerschein nicht!<\/strong><\/div>\n<\/div>\n<div><\/div>\n<div><\/div>\n<div><\/div>\n","protected":false},"excerpt":{"rendered":"<p>Terminanfragen &amp; Buchungen sind bei unserer Abholstation m\u00f6glich: Keglovits GesmbH (Mazda Schauraum) Schwechater Stra\u00dfe 59-71 2322 Zw\u00f6lfaxing Tel.: 01\/707 22 01 E-Mail: office@keglovits.at Lesen Sie bitte vor dem Buchen unsere Infos zur Miete Abholung &amp; R\u00fcckgabe der Fahrzeuge ...nur w\u00e4hrend der \u00d6ffnungszeiten m\u00f6glich (Mo-Fr 7.15-18.00 Uhr, Sa 9.00-12.00) Vergessen Sie bitte Ihren F\u00fchrerschein nicht!<\/p>\n","protected":false},"author":1,"featured_media":0,"parent":42,"menu_order":0,"comment_status":"closed","ping_status":"closed","template":"","meta":[],"_links":{"self":[{"href":"https:\/\/rent.auto-keglovits.at\/index.php?rest_route=\/wp\/v2\/pages\/37"}],"collection":[{"href":"https:\/\/rent.auto-keglovits.at\/index.php?rest_route=\/wp\/v2\/pages"}],"about":[{"href":"https:\/\/rent.auto-keglovits.at\/index.php?rest_route=\/wp\/v2\/types\/page"}],"author":[{"embeddable":true,"href":"https:\/\/rent.auto-keglovits.at\/index.php?rest_route=\/wp\/v2\/users\/1"}],"replies":[{"embeddable":true,"href":"https:\/\/rent.auto-keglovits.at\/index.php?rest_route=%2Fwp%2Fv2%2Fcomments&post=37"}],"version-history":[{"count":10,"href":"https:\/\/rent.auto-keglovits.at\/index.php?rest_route=\/wp\/v2\/pages\/37\/revisions"}],"predecessor-version":[{"id":157,"href":"https:\/\/rent.auto-keglovits.at\/index.php?rest_route=\/wp\/v2\/pages\/37\/revisions\/157"}],"up":[{"embeddable":true,"href":"https:\/\/rent.auto-keglovits.at\/index.php?rest_route=\/wp\/v2\/pages\/42"}],"wp:attachment":[{"href":"https:\/\/rent.auto-keglovits.at\/index.php?rest_route=%2Fwp%2Fv2%2Fmedia&parent=37"}],"curies":[{"name":"wp","href":"https:\/\/api.w.org\/{rel}","templated":true}]}}