{"id":164,"date":"2019-04-24T09:31:30","date_gmt":"2019-04-24T07:31:30","guid":{"rendered":"https:\/\/rent.keglovits.at\/?page_id=164"},"modified":"2021-09-22T09:28:55","modified_gmt":"2021-09-22T07:28:55","slug":"datenschutzerklaerung","status":"publish","type":"page","link":"https:\/\/rent.auto-keglovits.at\/?page_id=164","title":{"rendered":"Datenschutzerkl\u00e4rung"},"content":{"rendered":"<p>\n<!--StartFragment--><\/p>\n\n\n<p>Der Schutz Ihrer pers\u00f6nlichen Daten ist uns ein\nbesonderes Anliegen. Wir verarbeiten Ihre Daten daher ausschlie\u00dflich auf\nGrundlage der gesetzlichen Bestimmungen (DSGVO, TKG 2003). In diesen Datenschutzinformationen\ninformieren wir Sie \u00fcber die wichtigsten Aspekte der Datenverarbeitung im\nRahmen unserer Website.&nbsp;<\/p>\n\n\n\n<p><strong>Kontaktformular oder Kontakt via E-Mail:<\/strong><br>Wenn Sie per Formular auf der Website oder per E-Mail Kontakt mit uns aufnehmen, werden Ihre angegebenen Daten zwecks Bearbeitung der Anfrage und f\u00fcr den Fall von Anschlussfragen zw\u00f6lf Monate bei uns gespeichert. Diese Daten geben wir nicht ohne Ihre Einwilligung weiter.<\/p>\n\n\n\n<p>Beim Absenden des Kontaktformulars werden Ihre personenbezogenen  Daten der Kategorien* (Kontaktdaten sowie der Text Ihrer Anfrage) verarbeitet.<\/p>\n\n\n\n<ul><li><strong>Zweck:<\/strong>&nbsp;Beantwortung Ihrer Anfrage<\/li><li><strong>Rechtfertigung:<\/strong>&nbsp;Berechtigtes Interesse, Ihre individuellen Anfragen bearbeiten und verl\u00e4sslich beantworten zu k\u00f6nnen.<\/li><li><strong>Speicherdauer:<\/strong>&nbsp;12 Monate<\/li><\/ul>\n\n\n\n<p>*Genaue Datenfelder: Anrede, Vorname, Nachname, Stra\u00dfe, PLZ, Ort, E-Mail-Adresse, Telefonnummer, Nachrichtentext<\/p>\n\n\n\n<p><strong>Cookies:<\/strong><\/p>\n\n\n\n<p>Unsere Website verwendet so genannte Cookies. Dabei\nhandelt es sich um kleine Textdateien, die mit Hilfe des Browsers auf Ihrem\nEndger\u00e4t abgelegt werden. Sie richten keinen Schaden an. <\/p>\n\n\n\n<p>Wir nutzen Cookies dazu, unser Angebot\nnutzerfreundlich zu gestalten. Einige Cookies bleiben auf Ihrem Endger\u00e4t\ngespeichert, bis Sie diese l\u00f6schen. Sie erm\u00f6glichen es uns, Ihren Browser beim\nn\u00e4chsten Besuch wiederzuerkennen.<\/p>\n\n\n\n<p>Wenn Sie dies nicht w\u00fcnschen, so k\u00f6nnen Sie Ihren\nBrowser so einrichten, dass er Sie \u00fcber das Setzen von Cookies informiert und\nSie dies nur im Einzelfall erlauben. <\/p>\n\n\n\n<p>Bei der Deaktivierung von Cookies kann die Funktionalit\u00e4t unserer Website eingeschr\u00e4nkt sein.<\/p>\n\n\n\n<p><strong>Webanalyse:<\/strong><\/p>\n\n\n\n<p>Unsere Website verwendet Funktionen des Webanalysedienstes Google \nAnalytics. Anbieter ist die Google Ireland Limited, Gordon House, Barrow\n Street, Dublin 4, Ireland.<\/p>\n\n\n\n<p>Dazu werden Cookies verwendet, die eine Analyse der Benutzung der \nWebsite durch Ihre Benutzer erm\u00f6glicht. Die dadurch erzeugten \nInformationen werden in der Regel auf einen Server von Google in den USA\n \u00fcbertragen und dort gespeichert.<\/p>\n\n\n\n<p>Sie k\u00f6nnen dies verhindern, indem Sie Ihren Browser so einrichten, dass keine Cookies gespeichert werden.<\/p>\n\n\n\n<p>Wir haben mit dem Anbieter einen entsprechenden Vertrag zur Auftragsdatenverarbeitung abgeschlossen.<\/p>\n\n\n\n<p>Ihre IP-Adresse wird erfasst, aber umgehend (z.B. durch L\u00f6schung der \nletzten 8 Bit) pseudonymisiert. Dadurch ist nur mehr eine grobe \nLokalisierung m\u00f6glich.<\/p>\n\n\n\n<p>Die Beziehung zum Webanalyseanbieter basiert auf den \nStandardvertragsklauseln bzw. einem Angemessenheitsbeschluss der \nEurop\u00e4ischen Komission.<\/p>\n\n\n\n<p>Die Datenverarbeitung erfolgt auf Basis der gesetzlichen Bestimmungen\n des \u00a7 96 Abs 3 TKG sowie des Art 6 Abs 1 lit a (Einwilligung) und\/oder f\n (berechtigtes Interesse) der DSGVO.<\/p>\n\n\n\n<p>Unser Anliegen im Sinne der DSGVO (berechtigtes Interesse) ist die \nVerbesserung unseres Angebotes und unseres Webauftritts. Da uns die \nPrivatsph\u00e4re unserer Nutzer wichtig ist, werden die Nutzerdaten \npseudonymisiert.<\/p>\n\n\n\n<p><strong>Ihre Rechte:<\/strong><\/p>\n\n\n\n<p>Ihnen stehen bez\u00fcglich Ihrer bei uns gespeicherten Daten&nbsp;grunds\u00e4tzlich die Rechte auf Auskunft, Berichtigung, L\u00f6schung, Einschr\u00e4nkung, Daten\u00fcbertragbarkeit, Widerruf und Widerspruch zu. Wenn Sie glauben, dass die Verarbeitung Ihrer Daten gegen das Datenschutzrecht verst\u00f6\u00dft oder Ihre datenschutzrechtlichen Anspr\u00fcche sonst in einer Weise verletzt worden sind, k\u00f6nnen Sie sich bei der&nbsp;uns <em>(siehe Kontaktdaten unten)<\/em> oder der Datenschutzbeh\u00f6rde beschweren.<\/p>\n\n\n\n<p><strong>\u00c4nderung der Datenschutzerkl\u00e4rung:<\/strong><\/p>\n\n\n\n<p>Diese Datenschutzerkl\u00e4rung wurde zuletzt am 22.09.2021 aktualisiert. Bei  wesentlichen \u00c4nderungen der Datenschutzerkl\u00e4rung wird auf der Homepage  unserer Webseite f\u00fcr einen Zeitraum von 30 Tagen eine Mitteilung  ver\u00f6ffentlicht. Sie erkl\u00e4ren sich durch die fortgesetzte Verwendung  unserer Webseite mit der Annahme der jeweiligen \u00c4nderungen  einverstanden. <\/p>\n\n\n\n<p><strong>Sie\nerreichen uns unter folgenden Kontaktdaten: <\/strong><\/p>\n\n\n<p><!--EndFragment-->Keglovits Rent GesmbH, Schwechater Stra\u00dfe 59-71, 2322 Zw\u00f6lfaxing<br \/>Tel.: +43 1 707 22 01, office@keglovits.at<br \/>Datenschutzbeauftragte: Lenke KERESTESI, Anita PINCZ: datenschutz@keglovits.at<\/p>\n<p>\u00a0<\/p>\n<p><!--EndFragment--><\/p>\n<p>\u00a0<\/p>","protected":false},"excerpt":{"rendered":"<p>Der Schutz Ihrer pers\u00f6nlichen Daten ist uns ein besonderes Anliegen. Wir verarbeiten Ihre Daten daher ausschlie\u00dflich auf Grundlage der gesetzlichen Bestimmungen (DSGVO, TKG 2003). In diesen Datenschutzinformationen informieren wir Sie \u00fcber die wichtigsten Aspekte der Datenverarbeitung im Rahmen unserer Website.&nbsp; Kontaktformular oder Kontakt via E-Mail:Wenn Sie per Formular auf der Website oder per E-Mail Kontakt <a href=\"https:\/\/rent.auto-keglovits.at\/?page_id=164\" class=\"more-link\">...weiterlesen<span class=\"screen-reader-text\"> \"Datenschutzerkl\u00e4rung\"<\/span><\/a><\/p>\n","protected":false},"author":1,"featured_media":0,"parent":42,"menu_order":0,"comment_status":"closed","ping_status":"closed","template":"","meta":[],"_links":{"self":[{"href":"https:\/\/rent.auto-keglovits.at\/index.php?rest_route=\/wp\/v2\/pages\/164"}],"collection":[{"href":"https:\/\/rent.auto-keglovits.at\/index.php?rest_route=\/wp\/v2\/pages"}],"about":[{"href":"https:\/\/rent.auto-keglovits.at\/index.php?rest_route=\/wp\/v2\/types\/page"}],"author":[{"embeddable":true,"href":"https:\/\/rent.auto-keglovits.at\/index.php?rest_route=\/wp\/v2\/users\/1"}],"replies":[{"embeddable":true,"href":"https:\/\/rent.auto-keglovits.at\/index.php?rest_route=%2Fwp%2Fv2%2Fcomments&post=164"}],"version-history":[{"count":5,"href":"https:\/\/rent.auto-keglovits.at\/index.php?rest_route=\/wp\/v2\/pages\/164\/revisions"}],"predecessor-version":[{"id":187,"href":"https:\/\/rent.auto-keglovits.at\/index.php?rest_route=\/wp\/v2\/pages\/164\/revisions\/187"}],"up":[{"embeddable":true,"href":"https:\/\/rent.auto-keglovits.at\/index.php?rest_route=\/wp\/v2\/pages\/42"}],"wp:attachment":[{"href":"https:\/\/rent.auto-keglovits.at\/index.php?rest_route=%2Fwp%2Fv2%2Fmedia&parent=164"}],"curies":[{"name":"wp","href":"https:\/\/api.w.org\/{rel}","templated":true}]}}